{"id":578,"date":"2020-10-06T21:05:00","date_gmt":"2020-10-06T21:05:00","guid":{"rendered":"https:\/\/www.rioc.eu\/?post_type=uutiset&#038;p=578"},"modified":"2020-11-20T11:06:25","modified_gmt":"2020-11-20T11:06:25","slug":"rioc-osallistui-etyjn-konferenssiin-jarjestaytyneesta-rikollisuudesta","status":"publish","type":"uutiset","link":"https:\/\/rioc.eu\/fi\/uutiset\/rioc-osallistui-etyjn-konferenssiin-jarjestaytyneesta-rikollisuudesta\/","title":{"rendered":"RIOC osallistui ETYJ:n konferenssiin j\u00e4rjest\u00e4ytyneest\u00e4 rikollisuudesta"},"content":{"rendered":"\n<p id=\"block-ef68e750-81f8-496a-b294-48872b252cc9\">Lokakuun 5. p\u00e4iv\u00e4 2020 RIOC osallistui ETYJ:n puheenjohtajamaa Albanian ja ETYJ sihteerist\u00f6n j\u00e4rjest\u00e4m\u00e4\u00e4n konferenssiin:<a href=\"https:\/\/www.osce.org\/chairmanship\/463740\"> OSCE Chairmanship conference <\/a>&#8221;Addressing Organised Crime through Strategic Partnerships&#8221;. RIOC nosti esiin kokonaisvaltaisen l\u00e4hestymistavan t\u00e4rkeyden sek\u00e4 kansalaisyhteiskunnan roolin j\u00e4rjest\u00e4ytyneen rikollisuuden vastaisessa taistelussa. <a href=\"https:\/\/www.osce.org\/files\/f\/documents\/1\/e\/465675_0.pdf\">Konferenssiohjelma<\/a> oli eritt\u00e4in mielenkiintoinen ja mahdollisti kokemusten vaihtamisen niin j\u00e4senmaiden kuin kansainv\u00e4listen organisaatioiden, ajatushautomoiden ja yksityissektorin edustajien v\u00e4lill\u00e4. Etel\u00e4isen V\u00e4limeren kumppanimaiden edustajat kertoivat j\u00e4rjest\u00e4ytyneen rikollisuuden vastaisen taistelun haasteista. <a href=\"https:\/\/www.osce.org\/files\/f\/documents\/2\/d\/465729_0.pdf\">Puhujalista<\/a> oli vaikuttava.<\/p>\n\n\n\n<p id=\"block-82b3bd67-6c47-4238-ab67-8ffb721311eb\">Etyjin vt.&nbsp;p\u00e4\u00e4sihteeri&nbsp;ja&nbsp;Etyjin&nbsp;konfliktinestokeskuksen johtaja, Tuula Yrj\u00f6l\u00e4, nosti loppupuheenvuorossaan monia RIOCin esiin tuomia huomoita esiin kuten kansalaisj\u00e4rjest\u00f6jen ja tutkivien journalistien merkitt\u00e4v\u00e4n roolin. Puheenjohtajamaa Albania vaati konreettisempia toimia ja kokonaisvaltaista l\u00e4hestymistapaa, sill\u00e4 viranomaiset ja oikeuslaitos eiv\u00e4t voi taistella j\u00e4rjest\u00e4ytynytt\u00e4 rikollisuutta vastaan yksin. <\/p>\n","protected":false},"featured_media":577,"template":"","class_list":["post-578","uutiset","type-uutiset","status-publish","has-post-thumbnail","hentry"],"acf":[],"yoast_head":"<!-- This site is optimized with the Yoast SEO plugin v27.4 - https:\/\/yoast.com\/product\/yoast-seo-wordpress\/ -->\n<title>RIOC osallistui ETYJ:n konferenssiin j\u00e4rjest\u00e4ytyneest\u00e4 rikollisuudesta - rioc<\/title>\n<meta name=\"robots\" content=\"index, follow, max-snippet:-1, max-image-preview:large, max-video-preview:-1\" \/>\n<link rel=\"canonical\" href=\"https:\/\/rioc.eu\/fi\/uutiset\/rioc-osallistui-etyjn-konferenssiin-jarjestaytyneesta-rikollisuudesta\/\" \/>\n<meta property=\"og:locale\" content=\"fi_FI\" \/>\n<meta property=\"og:type\" content=\"article\" \/>\n<meta property=\"og:title\" content=\"RIOC osallistui ETYJ:n konferenssiin j\u00e4rjest\u00e4ytyneest\u00e4 rikollisuudesta - rioc\" \/>\n<meta property=\"og:description\" content=\"Lokakuun 5. p\u00e4iv\u00e4 2020 RIOC osallistui ETYJ:n puheenjohtajamaa Albanian ja ETYJ sihteerist\u00f6n j\u00e4rjest\u00e4m\u00e4\u00e4n konferenssiin: OSCE Chairmanship conference &#8221;Addressing Organised Crime ...\" \/>\n<meta property=\"og:url\" content=\"https:\/\/rioc.eu\/fi\/uutiset\/rioc-osallistui-etyjn-konferenssiin-jarjestaytyneesta-rikollisuudesta\/\" \/>\n<meta property=\"og:site_name\" content=\"rioc\" \/>\n<meta property=\"article:modified_time\" content=\"2020-11-20T11:06:25+00:00\" \/>\n<meta property=\"og:image\" content=\"https:\/\/rioc.eu\/wp-content\/uploads\/2020\/11\/osce2.png\" \/>\n\t<meta property=\"og:image:width\" content=\"1920\" \/>\n\t<meta property=\"og:image:height\" content=\"1080\" \/>\n\t<meta property=\"og:image:type\" content=\"image\/png\" \/>\n<meta name=\"twitter:card\" content=\"summary_large_image\" \/>\n<meta name=\"twitter:label1\" content=\"Arvioitu lukuaika\" \/>\n\t<meta name=\"twitter:data1\" content=\"1 minuutti\" \/>\n<script type=\"application\/ld+json\" class=\"yoast-schema-graph\">{\"@context\":\"https:\\\/\\\/schema.org\",\"@graph\":[{\"@type\":\"WebPage\",\"@id\":\"https:\\\/\\\/rioc.eu\\\/fi\\\/uutiset\\\/rioc-osallistui-etyjn-konferenssiin-jarjestaytyneesta-rikollisuudesta\\\/\",\"url\":\"https:\\\/\\\/rioc.eu\\\/fi\\\/uutiset\\\/rioc-osallistui-etyjn-konferenssiin-jarjestaytyneesta-rikollisuudesta\\\/\",\"name\":\"RIOC osallistui ETYJ:n konferenssiin j\u00e4rjest\u00e4ytyneest\u00e4 rikollisuudesta - rioc\",\"isPartOf\":{\"@id\":\"https:\\\/\\\/rioc.eu\\\/fi\\\/#website\"},\"primaryImageOfPage\":{\"@id\":\"https:\\\/\\\/rioc.eu\\\/fi\\\/uutiset\\\/rioc-osallistui-etyjn-konferenssiin-jarjestaytyneesta-rikollisuudesta\\\/#primaryimage\"},\"image\":{\"@id\":\"https:\\\/\\\/rioc.eu\\\/fi\\\/uutiset\\\/rioc-osallistui-etyjn-konferenssiin-jarjestaytyneesta-rikollisuudesta\\\/#primaryimage\"},\"thumbnailUrl\":\"https:\\\/\\\/rioc.eu\\\/wp-content\\\/uploads\\\/2020\\\/11\\\/osce2.png\",\"datePublished\":\"2020-10-06T21:05:00+00:00\",\"dateModified\":\"2020-11-20T11:06:25+00:00\",\"breadcrumb\":{\"@id\":\"https:\\\/\\\/rioc.eu\\\/fi\\\/uutiset\\\/rioc-osallistui-etyjn-konferenssiin-jarjestaytyneesta-rikollisuudesta\\\/#breadcrumb\"},\"inLanguage\":\"fi\",\"potentialAction\":[{\"@type\":\"ReadAction\",\"target\":[\"https:\\\/\\\/rioc.eu\\\/fi\\\/uutiset\\\/rioc-osallistui-etyjn-konferenssiin-jarjestaytyneesta-rikollisuudesta\\\/\"]}]},{\"@type\":\"ImageObject\",\"inLanguage\":\"fi\",\"@id\":\"https:\\\/\\\/rioc.eu\\\/fi\\\/uutiset\\\/rioc-osallistui-etyjn-konferenssiin-jarjestaytyneesta-rikollisuudesta\\\/#primaryimage\",\"url\":\"https:\\\/\\\/rioc.eu\\\/wp-content\\\/uploads\\\/2020\\\/11\\\/osce2.png\",\"contentUrl\":\"https:\\\/\\\/rioc.eu\\\/wp-content\\\/uploads\\\/2020\\\/11\\\/osce2.png\",\"width\":1920,\"height\":1080},{\"@type\":\"BreadcrumbList\",\"@id\":\"https:\\\/\\\/rioc.eu\\\/fi\\\/uutiset\\\/rioc-osallistui-etyjn-konferenssiin-jarjestaytyneesta-rikollisuudesta\\\/#breadcrumb\",\"itemListElement\":[{\"@type\":\"ListItem\",\"position\":1,\"name\":\"Etusivu\",\"item\":\"https:\\\/\\\/rioc.eu\\\/fi\\\/\"},{\"@type\":\"ListItem\",\"position\":2,\"name\":\"Uutiset\",\"item\":\"https:\\\/\\\/rioc.eu\\\/fi\\\/uutiset\\\/\"},{\"@type\":\"ListItem\",\"position\":3,\"name\":\"RIOC osallistui ETYJ:n konferenssiin j\u00e4rjest\u00e4ytyneest\u00e4 rikollisuudesta\"}]},{\"@type\":\"WebSite\",\"@id\":\"https:\\\/\\\/rioc.eu\\\/fi\\\/#website\",\"url\":\"https:\\\/\\\/rioc.eu\\\/fi\\\/\",\"name\":\"rioc\",\"description\":\"\",\"publisher\":{\"@id\":\"https:\\\/\\\/rioc.eu\\\/fi\\\/#organization\"},\"potentialAction\":[{\"@type\":\"SearchAction\",\"target\":{\"@type\":\"EntryPoint\",\"urlTemplate\":\"https:\\\/\\\/rioc.eu\\\/fi\\\/?s={search_term_string}\"},\"query-input\":{\"@type\":\"PropertyValueSpecification\",\"valueRequired\":true,\"valueName\":\"search_term_string\"}}],\"inLanguage\":\"fi\"},{\"@type\":\"Organization\",\"@id\":\"https:\\\/\\\/rioc.eu\\\/fi\\\/#organization\",\"name\":\"RIOC\",\"url\":\"https:\\\/\\\/rioc.eu\\\/fi\\\/\",\"logo\":{\"@type\":\"ImageObject\",\"inLanguage\":\"fi\",\"@id\":\"https:\\\/\\\/rioc.eu\\\/fi\\\/#\\\/schema\\\/logo\\\/image\\\/\",\"url\":\"https:\\\/\\\/rioc.eu\\\/wp-content\\\/uploads\\\/2020\\\/10\\\/cropped-favicon.png\",\"contentUrl\":\"https:\\\/\\\/rioc.eu\\\/wp-content\\\/uploads\\\/2020\\\/10\\\/cropped-favicon.png\",\"width\":512,\"height\":512,\"caption\":\"RIOC\"},\"image\":{\"@id\":\"https:\\\/\\\/rioc.eu\\\/fi\\\/#\\\/schema\\\/logo\\\/image\\\/\"}}]}<\/script>\n<!-- \/ Yoast SEO plugin. -->","yoast_head_json":{"title":"RIOC osallistui ETYJ:n konferenssiin j\u00e4rjest\u00e4ytyneest\u00e4 rikollisuudesta - rioc","robots":{"index":"index","follow":"follow","max-snippet":"max-snippet:-1","max-image-preview":"max-image-preview:large","max-video-preview":"max-video-preview:-1"},"canonical":"https:\/\/rioc.eu\/fi\/uutiset\/rioc-osallistui-etyjn-konferenssiin-jarjestaytyneesta-rikollisuudesta\/","og_locale":"fi_FI","og_type":"article","og_title":"RIOC osallistui ETYJ:n konferenssiin j\u00e4rjest\u00e4ytyneest\u00e4 rikollisuudesta - rioc","og_description":"Lokakuun 5. p\u00e4iv\u00e4 2020 RIOC osallistui ETYJ:n puheenjohtajamaa Albanian ja ETYJ sihteerist\u00f6n j\u00e4rjest\u00e4m\u00e4\u00e4n konferenssiin: OSCE Chairmanship conference &#8221;Addressing Organised Crime ...","og_url":"https:\/\/rioc.eu\/fi\/uutiset\/rioc-osallistui-etyjn-konferenssiin-jarjestaytyneesta-rikollisuudesta\/","og_site_name":"rioc","article_modified_time":"2020-11-20T11:06:25+00:00","og_image":[{"width":1920,"height":1080,"url":"https:\/\/rioc.eu\/wp-content\/uploads\/2020\/11\/osce2.png","type":"image\/png"}],"twitter_card":"summary_large_image","twitter_misc":{"Arvioitu lukuaika":"1 minuutti"},"schema":{"@context":"https:\/\/schema.org","@graph":[{"@type":"WebPage","@id":"https:\/\/rioc.eu\/fi\/uutiset\/rioc-osallistui-etyjn-konferenssiin-jarjestaytyneesta-rikollisuudesta\/","url":"https:\/\/rioc.eu\/fi\/uutiset\/rioc-osallistui-etyjn-konferenssiin-jarjestaytyneesta-rikollisuudesta\/","name":"RIOC osallistui ETYJ:n konferenssiin j\u00e4rjest\u00e4ytyneest\u00e4 rikollisuudesta - rioc","isPartOf":{"@id":"https:\/\/rioc.eu\/fi\/#website"},"primaryImageOfPage":{"@id":"https:\/\/rioc.eu\/fi\/uutiset\/rioc-osallistui-etyjn-konferenssiin-jarjestaytyneesta-rikollisuudesta\/#primaryimage"},"image":{"@id":"https:\/\/rioc.eu\/fi\/uutiset\/rioc-osallistui-etyjn-konferenssiin-jarjestaytyneesta-rikollisuudesta\/#primaryimage"},"thumbnailUrl":"https:\/\/rioc.eu\/wp-content\/uploads\/2020\/11\/osce2.png","datePublished":"2020-10-06T21:05:00+00:00","dateModified":"2020-11-20T11:06:25+00:00","breadcrumb":{"@id":"https:\/\/rioc.eu\/fi\/uutiset\/rioc-osallistui-etyjn-konferenssiin-jarjestaytyneesta-rikollisuudesta\/#breadcrumb"},"inLanguage":"fi","potentialAction":[{"@type":"ReadAction","target":["https:\/\/rioc.eu\/fi\/uutiset\/rioc-osallistui-etyjn-konferenssiin-jarjestaytyneesta-rikollisuudesta\/"]}]},{"@type":"ImageObject","inLanguage":"fi","@id":"https:\/\/rioc.eu\/fi\/uutiset\/rioc-osallistui-etyjn-konferenssiin-jarjestaytyneesta-rikollisuudesta\/#primaryimage","url":"https:\/\/rioc.eu\/wp-content\/uploads\/2020\/11\/osce2.png","contentUrl":"https:\/\/rioc.eu\/wp-content\/uploads\/2020\/11\/osce2.png","width":1920,"height":1080},{"@type":"BreadcrumbList","@id":"https:\/\/rioc.eu\/fi\/uutiset\/rioc-osallistui-etyjn-konferenssiin-jarjestaytyneesta-rikollisuudesta\/#breadcrumb","itemListElement":[{"@type":"ListItem","position":1,"name":"Etusivu","item":"https:\/\/rioc.eu\/fi\/"},{"@type":"ListItem","position":2,"name":"Uutiset","item":"https:\/\/rioc.eu\/fi\/uutiset\/"},{"@type":"ListItem","position":3,"name":"RIOC osallistui ETYJ:n konferenssiin j\u00e4rjest\u00e4ytyneest\u00e4 rikollisuudesta"}]},{"@type":"WebSite","@id":"https:\/\/rioc.eu\/fi\/#website","url":"https:\/\/rioc.eu\/fi\/","name":"rioc","description":"","publisher":{"@id":"https:\/\/rioc.eu\/fi\/#organization"},"potentialAction":[{"@type":"SearchAction","target":{"@type":"EntryPoint","urlTemplate":"https:\/\/rioc.eu\/fi\/?s={search_term_string}"},"query-input":{"@type":"PropertyValueSpecification","valueRequired":true,"valueName":"search_term_string"}}],"inLanguage":"fi"},{"@type":"Organization","@id":"https:\/\/rioc.eu\/fi\/#organization","name":"RIOC","url":"https:\/\/rioc.eu\/fi\/","logo":{"@type":"ImageObject","inLanguage":"fi","@id":"https:\/\/rioc.eu\/fi\/#\/schema\/logo\/image\/","url":"https:\/\/rioc.eu\/wp-content\/uploads\/2020\/10\/cropped-favicon.png","contentUrl":"https:\/\/rioc.eu\/wp-content\/uploads\/2020\/10\/cropped-favicon.png","width":512,"height":512,"caption":"RIOC"},"image":{"@id":"https:\/\/rioc.eu\/fi\/#\/schema\/logo\/image\/"}}]}},"_links":{"self":[{"href":"https:\/\/rioc.eu\/fi\/wp-json\/wp\/v2\/uutiset\/578","targetHints":{"allow":["GET"]}}],"collection":[{"href":"https:\/\/rioc.eu\/fi\/wp-json\/wp\/v2\/uutiset"}],"about":[{"href":"https:\/\/rioc.eu\/fi\/wp-json\/wp\/v2\/types\/uutiset"}],"wp:featuredmedia":[{"embeddable":true,"href":"https:\/\/rioc.eu\/fi\/wp-json\/wp\/v2\/media\/577"}],"wp:attachment":[{"href":"https:\/\/rioc.eu\/fi\/wp-json\/wp\/v2\/media?parent=578"}],"curies":[{"name":"wp","href":"https:\/\/api.w.org\/{rel}","templated":true}]}}

RIOC osallistui ETYJ:n konferenssiin järjestäytyneestä rikollisuudesta

<p id="block-ef68e750-81f8-496a-b294-48872b252cc9">Lokakuun 5. päivä 2020 RIOC osallistui ETYJ:n puheenjohtajamaa Albanian ja ETYJ sihteeristön järjestämään konferenssiin:<a href="https://www.osce.org/chairmanship/463740"> OSCE Chairmanship conference </a>&#8221;Addressing Organised Crime through Strategic Partnerships&#8221;. RIOC nosti esiin kokonaisvaltaisen lähestymistavan tärkeyden sekä kansalaisyhteiskunnan roolin järjestäytyneen rikollisuuden vastaisessa taistelussa. <a href="https://www.osce.org/files/f/documents/1/e/465675_0.pdf">Konferenssiohjelma</a> oli erittäin mielenkiintoinen ja mahdollisti kokemusten vaihtamisen niin jäsenmaiden kuin kansainvälisten organisaatioiden, ajatushautomoiden ja yksityissektorin edustajien välillä. Eteläisen Välimeren kumppanimaiden edustajat kertoivat järjestäytyneen rikollisuuden vastaisen taistelun haasteista. <a href="https://www.osce.org/files/f/documents/2/d/465729_0.pdf">Puhujalista</a> oli vaikuttava.</p>



<p id="block-82b3bd67-6c47-4238-ab67-8ffb721311eb">Etyjin vt.&nbsp;pääsihteeri&nbsp;ja&nbsp;Etyjin&nbsp;konfliktinestokeskuksen johtaja, Tuula Yrjölä, nosti loppupuheenvuorossaan monia RIOCin esiin tuomia huomoita esiin kuten kansalaisjärjestöjen ja tutkivien journalistien merkittävän roolin. Puheenjohtajamaa Albania vaati konreettisempia toimia ja kokonaisvaltaista lähestymistapaa, sillä viranomaiset ja oikeuslaitos eivät voi taistella järjestäytynyttä rikollisuutta vastaan yksin. </p>

<!-- This site is optimized with the Yoast SEO plugin v27.4 - https://yoast.com/product/yoast-seo-wordpress/ -->
<title>RIOC osallistui ETYJ:n konferenssiin järjestäytyneestä rikollisuudesta - rioc</title>
<meta name="robots" content="index, follow, max-snippet:-1, max-image-preview:large, max-video-preview:-1" />
<link rel="canonical" href="https://rioc.eu/fi/uutiset/rioc-osallistui-etyjn-konferenssiin-jarjestaytyneesta-rikollisuudesta/" />
<meta property="og:locale" content="fi_FI" />
<meta property="og:type" content="article" />
<meta property="og:title" content="RIOC osallistui ETYJ:n konferenssiin järjestäytyneestä rikollisuudesta - rioc" />
<meta property="og:description" content="Lokakuun 5. päivä 2020 RIOC osallistui ETYJ:n puheenjohtajamaa Albanian ja ETYJ sihteeristön järjestämään konferenssiin: OSCE Chairmanship conference &#8221;Addressing Organised Crime ..." />
<meta property="og:url" content="https://rioc.eu/fi/uutiset/rioc-osallistui-etyjn-konferenssiin-jarjestaytyneesta-rikollisuudesta/" />
<meta property="og:site_name" content="rioc" />
<meta property="article:modified_time" content="2020-11-20T11:06:25+00:00" />
<meta property="og:image" content="https://rioc.eu/wp-content/uploads/2020/11/osce2.png" />
	<meta property="og:image:width" content="1920" />
	<meta property="og:image:height" content="1080" />
	<meta property="og:image:type" content="image/png" />
<meta name="twitter:card" content="summary_large_image" />
<meta name="twitter:label1" content="Arvioitu lukuaika" />
	<meta name="twitter:data1" content="1 minuutti" />
<script type="application/ld+json" class="yoast-schema-graph">{"@context":"https:\/\/schema.org","@graph":[{"@type":"WebPage","@id":"https:\/\/rioc.eu\/fi\/uutiset\/rioc-osallistui-etyjn-konferenssiin-jarjestaytyneesta-rikollisuudesta\/","url":"https:\/\/rioc.eu\/fi\/uutiset\/rioc-osallistui-etyjn-konferenssiin-jarjestaytyneesta-rikollisuudesta\/","name":"RIOC osallistui ETYJ:n konferenssiin järjestäytyneestä rikollisuudesta - rioc","isPartOf":{"@id":"https:\/\/rioc.eu\/fi\/#website"},"primaryImageOfPage":{"@id":"https:\/\/rioc.eu\/fi\/uutiset\/rioc-osallistui-etyjn-konferenssiin-jarjestaytyneesta-rikollisuudesta\/#primaryimage"},"image":{"@id":"https:\/\/rioc.eu\/fi\/uutiset\/rioc-osallistui-etyjn-konferenssiin-jarjestaytyneesta-rikollisuudesta\/#primaryimage"},"thumbnailUrl":"https:\/\/rioc.eu\/wp-content\/uploads\/2020\/11\/osce2.png","datePublished":"2020-10-06T21:05:00+00:00","dateModified":"2020-11-20T11:06:25+00:00","breadcrumb":{"@id":"https:\/\/rioc.eu\/fi\/uutiset\/rioc-osallistui-etyjn-konferenssiin-jarjestaytyneesta-rikollisuudesta\/#breadcrumb"},"inLanguage":"fi","potentialAction":[{"@type":"ReadAction","target":["https:\/\/rioc.eu\/fi\/uutiset\/rioc-osallistui-etyjn-konferenssiin-jarjestaytyneesta-rikollisuudesta\/"]}]},{"@type":"ImageObject","inLanguage":"fi","@id":"https:\/\/rioc.eu\/fi\/uutiset\/rioc-osallistui-etyjn-konferenssiin-jarjestaytyneesta-rikollisuudesta\/#primaryimage","url":"https:\/\/rioc.eu\/wp-content\/uploads\/2020\/11\/osce2.png","contentUrl":"https:\/\/rioc.eu\/wp-content\/uploads\/2020\/11\/osce2.png","width":1920,"height":1080},{"@type":"BreadcrumbList","@id":"https:\/\/rioc.eu\/fi\/uutiset\/rioc-osallistui-etyjn-konferenssiin-jarjestaytyneesta-rikollisuudesta\/#breadcrumb","itemListElement":[{"@type":"ListItem","position":1,"name":"Etusivu","item":"https:\/\/rioc.eu\/fi\/"},{"@type":"ListItem","position":2,"name":"Uutiset","item":"https:\/\/rioc.eu\/fi\/uutiset\/"},{"@type":"ListItem","position":3,"name":"RIOC osallistui ETYJ:n konferenssiin järjestäytyneestä rikollisuudesta"}]},{"@type":"WebSite","@id":"https:\/\/rioc.eu\/fi\/#website","url":"https:\/\/rioc.eu\/fi\/","name":"rioc","description":"","publisher":{"@id":"https:\/\/rioc.eu\/fi\/#organization"},"potentialAction":[{"@type":"SearchAction","target":{"@type":"EntryPoint","urlTemplate":"https:\/\/rioc.eu\/fi\/?s={search_term_string}"},"query-input":{"@type":"PropertyValueSpecification","valueRequired":true,"valueName":"search_term_string"}}],"inLanguage":"fi"},{"@type":"Organization","@id":"https:\/\/rioc.eu\/fi\/#organization","name":"RIOC","url":"https:\/\/rioc.eu\/fi\/","logo":{"@type":"ImageObject","inLanguage":"fi","@id":"https:\/\/rioc.eu\/fi\/#\/schema\/logo\/image\/","url":"https:\/\/rioc.eu\/wp-content\/uploads\/2020\/10\/cropped-favicon.png","contentUrl":"https:\/\/rioc.eu\/wp-content\/uploads\/2020\/10\/cropped-favicon.png","width":512,"height":512,"caption":"RIOC"},"image":{"@id":"https:\/\/rioc.eu\/fi\/#\/schema\/logo\/image\/"}}]}</script>
<!-- / Yoast SEO plugin. -->

RIOC osallistui ETYJ:n konferenssiin järjestäytyneestä rikollisuudesta - rioc

Lokakuun 5. päivä 2020 RIOC osallistui ETYJ:n puheenjohtajamaa Albanian ja ETYJ sihteeristön järjestämään konferenssiin: OSCE Chairmanship conference &#8221;Addressing Organised Crime ...
